{"id":11,"date":"2022-06-30T16:02:53","date_gmt":"2022-06-30T14:02:53","guid":{"rendered":"https:\/\/www.mach-es-hoid-selber.de\/magazin\/?page_id=11"},"modified":"2025-10-22T08:05:49","modified_gmt":"2025-10-22T06:05:49","slug":"impressum","status":"publish","type":"page","link":"https:\/\/www.mach-es-hoid-selber.de\/magazin\/impressum\/","title":{"rendered":"Impressum"},"content":{"rendered":"<p>Bernhard Kessler<\/p>\n<p>Bahnhofstra\u00dfe 16<br \/>\n94094 Rotthalm\u00fcnster<\/p>\n<p>Telefon: +49 (0) 8533 \u2013 9 12 98 99<br \/>\nFax: +49 (0) 8533 \u2013 9 12 98 97<br \/>\nMobil: +49 (0) 170 \u2013 3 89 41 28<\/p>\n<p>E-Mail:\u00a0<a href=\"http:\/\/mailto:info@kessler-beschichtung.de\/\" target=\"_self\" rel=\"noopener\">info@kessler-beschichtung.de<\/a><br \/>\nWeb:\u00a0<a href=\"https:\/\/www.kessler-beschichtung.de\/\" target=\"_self\" rel=\"noopener\">www.kessler-beschichtung.de\u00a0<\/a><\/p>\n<p>Inhaber: Bernhard Kessler<br \/>\nUSt-ID-Nr.: DE249154117<br \/>\nFinanzamt Passau<\/p>\n<p>Inhaltlich Verantwortlicher gem\u00e4\u00df \u00a7 5 und 6 TMG<br \/>\nBernhard Kessler<\/p>\n<p><strong>Streitbeilegung Hinweis zur Online \u2010 Streitbeilegung gem\u00e4\u00df Art.14 Abs.1 ODR\u2010VO:<\/strong><br \/>\nDie Europ\u00e4ische Kommission stellt eine Plattform zur Online \u2010 Streitbeilegung (OS) bereit, die Sie unter\u00a0<a href=\"https:\/\/ec.europa.eu\/consumers\/odr\/main\/index.cfm?event=main.home.chooseLanguage\" target=\"_self\" rel=\"noopener\">https:\/\/ec.europa.eu\/consumers\/odr\/<\/a>\u00a0finden.<\/p>\n<p><strong>Haftung f\u00fcr Inhalte<\/strong><br \/>\nDie Inhalte unserer Seiten wurden mit gr\u00f6\u00dfter Sorgfalt erstellt. F\u00fcr die Richtigkeit, Vollst\u00e4ndigkeit und Aktualit\u00e4t der Inhalte k\u00f6nnen wir jedoch keine Gew\u00e4hr \u00fcbernehmen. Als Diensteanbieter sind wir gem\u00e4\u00df \u00a7 6 Abs.1 MDStV und \u00a7 8 Abs.1 TDG f\u00fcr eigene Inhalte auf diesen Seiten nach den allgemeinen Gesetzen verantwortlich. Diensteanbieter sind jedoch nicht verpflichtet, die von ihnen \u00fcbermittelten oder gespeicherten fremden Informationen zu \u00fcberwachen oder nach Umst\u00e4nden zu forschen, die auf eine rechtswidrige T\u00e4tigkeit hinweisen. Verpflichtungen zur Entfernung oder Sperrung der Nutzung von Informationen nach den allgemeinen Gesetzen bleiben hiervon unber\u00fchrt. Eine diesbez\u00fcgliche Haftung ist jedoch erst ab dem Zeitpunkt der Kenntnis einer konkreten Rechtsverletzung m\u00f6glich. Bei bekannt werden von entsprechenden Rechtsverletzungen werden wir diese Inhalte umgehend entfernen.<\/p>\n<p><strong>Haftung f\u00fcr Links\u00a0<\/strong><br \/>\nUnser Angebot enth\u00e4lt Links zu externen Webseiten Dritter, auf deren Inhalte wir keinen Einfluss haben. Deshalb k\u00f6nnen wir f\u00fcr diese fremden Inhalte auch keine Gew\u00e4hr \u00fcbernehmen. F\u00fcr die Inhalte der verlinkten Seiten ist stets der jeweilige Anbieter oder Betreiber der Seiten verantwortlich. Die verlinkten Seiten wurden zum Zeitpunkt der Verlinkung auf m\u00f6gliche Rechtsverst\u00f6\u00dfe \u00fcberpr\u00fcft. Rechtswidrige Inhalte waren zum Zeitpunkt der Verlinkung nicht erkennbar. Eine permanente inhaltliche Kontrolle der verlinkten Seiten ist jedoch ohne konkrete Anhaltspunkte einer Rechtsverletzung nicht zumutbar. Bei bekannt werden von Rechtsverletzungen werden wir derartige Links umgehend entfernen.<\/p>\n<p><strong>Urheberrecht\u00a0<\/strong><br \/>\nDie Betreiber der Seiten sind bem\u00fcht, stets die Urheberrechte anderer zu beachten bzw. auf selbst erstellte sowie lizenzfreie Werke zur\u00fcckzugreifen. Die durch die Seitenbetreiber erstellten Inhalte und Werke auf diesen Seiten unterliegen dem deutschen Urheberrecht. Beitr\u00e4ge Dritter sind als solche gekennzeichnet. Die Vervielf\u00e4ltigung, Bearbeitung, Verbreitung und jede Art der Verwertung au\u00dferhalb der Grenzen des Urheberrechtes bed\u00fcrfen der schriftlichen Zustimmung des jeweiligen Autors bzw. Erstellers. Downloads und Kopien dieser Seite sind nur f\u00fcr den privaten, nicht kommerziellen Gebrauch gestattet. Bildnachweise Die Bilddaten auf dieser Homepage unterliegen dem copyright des Inhabers der Seite.<\/p>\n","protected":false},"excerpt":{"rendered":"<p>Bernhard Kessler Bahnhofstra\u00dfe 16 94094 Rotthalm\u00fcnster Telefon: +49 (0) 8533 \u2013 9 12 98 99 Fax: +49 (0) 8533 \u2013 9 12 98 97 Mobil: +49 (0) 170 \u2013 3 89 41 28 E-Mail:\u00a0info@kessler-beschichtung.de Web:\u00a0www.kessler-beschichtung.de\u00a0 Inhaber: Bernhard Kessler USt-ID-Nr.: DE249154117 Finanzamt Passau Inhaltlich Verantwortlicher gem\u00e4\u00df \u00a7 5 und 6 TMG Bernhard Kessler Streitbeilegung Hinweis zur [&hellip;]<\/p>\n","protected":false},"author":1,"featured_media":0,"parent":0,"menu_order":0,"comment_status":"closed","ping_status":"closed","template":"","meta":{"footnotes":""},"class_list":["post-11","page","type-page","status-publish","hentry"],"yoast_head":"<!-- This site is optimized with the Yoast SEO plugin v26.8 - https:\/\/yoast.com\/product\/yoast-seo-wordpress\/ -->\n<title>Impressum - Mach es hoid selber Blog<\/title>\n<meta name=\"robots\" content=\"index, follow, max-snippet:-1, max-image-preview:large, max-video-preview:-1\" \/>\n<link rel=\"canonical\" href=\"https:\/\/www.mach-es-hoid-selber.de\/magazin\/impressum\/\" \/>\n<meta property=\"og:locale\" content=\"de_DE\" \/>\n<meta property=\"og:type\" content=\"article\" \/>\n<meta property=\"og:title\" content=\"Impressum - Mach es hoid selber Blog\" \/>\n<meta property=\"og:description\" content=\"Bernhard Kessler Bahnhofstra\u00dfe 16 94094 Rotthalm\u00fcnster Telefon: +49 (0) 8533 \u2013 9 12 98 99 Fax: +49 (0) 8533 \u2013 9 12 98 97 Mobil: +49 (0) 170 \u2013 3 89 41 28 E-Mail:\u00a0info@kessler-beschichtung.de Web:\u00a0www.kessler-beschichtung.de\u00a0 Inhaber: Bernhard Kessler USt-ID-Nr.: DE249154117 Finanzamt Passau Inhaltlich Verantwortlicher gem\u00e4\u00df \u00a7 5 und 6 TMG Bernhard Kessler Streitbeilegung Hinweis zur [&hellip;]\" \/>\n<meta property=\"og:url\" content=\"https:\/\/www.mach-es-hoid-selber.de\/magazin\/impressum\/\" \/>\n<meta property=\"og:site_name\" content=\"Mach es hoid selber Blog\" \/>\n<meta property=\"article:publisher\" content=\"https:\/\/www.facebook.com\/profile.php?id=100070936186382\" \/>\n<meta property=\"article:modified_time\" content=\"2025-10-22T06:05:49+00:00\" \/>\n<meta name=\"twitter:card\" content=\"summary_large_image\" \/>\n<meta name=\"twitter:label1\" content=\"Gesch\u00e4tzte Lesezeit\" \/>\n\t<meta name=\"twitter:data1\" content=\"3\u00a0Minuten\" \/>\n<script type=\"application\/ld+json\" class=\"yoast-schema-graph\">{\"@context\":\"https:\/\/schema.org\",\"@graph\":[{\"@type\":\"WebPage\",\"@id\":\"https:\/\/www.mach-es-hoid-selber.de\/magazin\/impressum\/\",\"url\":\"https:\/\/www.mach-es-hoid-selber.de\/magazin\/impressum\/\",\"name\":\"Impressum - Mach es hoid selber Blog\",\"isPartOf\":{\"@id\":\"https:\/\/www.mach-es-hoid-selber.de\/magazin\/#website\"},\"datePublished\":\"2022-06-30T14:02:53+00:00\",\"dateModified\":\"2025-10-22T06:05:49+00:00\",\"breadcrumb\":{\"@id\":\"https:\/\/www.mach-es-hoid-selber.de\/magazin\/impressum\/#breadcrumb\"},\"inLanguage\":\"de\",\"potentialAction\":[{\"@type\":\"ReadAction\",\"target\":[\"https:\/\/www.mach-es-hoid-selber.de\/magazin\/impressum\/\"]}]},{\"@type\":\"BreadcrumbList\",\"@id\":\"https:\/\/www.mach-es-hoid-selber.de\/magazin\/impressum\/#breadcrumb\",\"itemListElement\":[{\"@type\":\"ListItem\",\"position\":1,\"name\":\"Startseite\",\"item\":\"https:\/\/www.mach-es-hoid-selber.de\/magazin\/\"},{\"@type\":\"ListItem\",\"position\":2,\"name\":\"Impressum\"}]},{\"@type\":\"WebSite\",\"@id\":\"https:\/\/www.mach-es-hoid-selber.de\/magazin\/#website\",\"url\":\"https:\/\/www.mach-es-hoid-selber.de\/magazin\/\",\"name\":\"Mach es hoid selber Blog\",\"description\":\"\",\"publisher\":{\"@id\":\"https:\/\/www.mach-es-hoid-selber.de\/magazin\/#organization\"},\"potentialAction\":[{\"@type\":\"SearchAction\",\"target\":{\"@type\":\"EntryPoint\",\"urlTemplate\":\"https:\/\/www.mach-es-hoid-selber.de\/magazin\/?s={search_term_string}\"},\"query-input\":{\"@type\":\"PropertyValueSpecification\",\"valueRequired\":true,\"valueName\":\"search_term_string\"}}],\"inLanguage\":\"de\"},{\"@type\":\"Organization\",\"@id\":\"https:\/\/www.mach-es-hoid-selber.de\/magazin\/#organization\",\"name\":\"Mach es hoid selber\",\"url\":\"https:\/\/www.mach-es-hoid-selber.de\/magazin\/\",\"logo\":{\"@type\":\"ImageObject\",\"inLanguage\":\"de\",\"@id\":\"https:\/\/www.mach-es-hoid-selber.de\/magazin\/#\/schema\/logo\/image\/\",\"url\":\"https:\/\/www.mach-es-hoid-selber.de\/magazin\/wp-content\/uploads\/2022\/06\/logoblog.svg\",\"contentUrl\":\"https:\/\/www.mach-es-hoid-selber.de\/magazin\/wp-content\/uploads\/2022\/06\/logoblog.svg\",\"width\":1,\"height\":1,\"caption\":\"Mach es hoid selber\"},\"image\":{\"@id\":\"https:\/\/www.mach-es-hoid-selber.de\/magazin\/#\/schema\/logo\/image\/\"},\"sameAs\":[\"https:\/\/www.facebook.com\/profile.php?id=100070936186382\"]}]}<\/script>\n<!-- \/ Yoast SEO plugin. -->","yoast_head_json":{"title":"Impressum - Mach es hoid selber Blog","robots":{"index":"index","follow":"follow","max-snippet":"max-snippet:-1","max-image-preview":"max-image-preview:large","max-video-preview":"max-video-preview:-1"},"canonical":"https:\/\/www.mach-es-hoid-selber.de\/magazin\/impressum\/","og_locale":"de_DE","og_type":"article","og_title":"Impressum - Mach es hoid selber Blog","og_description":"Bernhard Kessler Bahnhofstra\u00dfe 16 94094 Rotthalm\u00fcnster Telefon: +49 (0) 8533 \u2013 9 12 98 99 Fax: +49 (0) 8533 \u2013 9 12 98 97 Mobil: +49 (0) 170 \u2013 3 89 41 28 E-Mail:\u00a0info@kessler-beschichtung.de Web:\u00a0www.kessler-beschichtung.de\u00a0 Inhaber: Bernhard Kessler USt-ID-Nr.: DE249154117 Finanzamt Passau Inhaltlich Verantwortlicher gem\u00e4\u00df \u00a7 5 und 6 TMG Bernhard Kessler Streitbeilegung Hinweis zur [&hellip;]","og_url":"https:\/\/www.mach-es-hoid-selber.de\/magazin\/impressum\/","og_site_name":"Mach es hoid selber Blog","article_publisher":"https:\/\/www.facebook.com\/profile.php?id=100070936186382","article_modified_time":"2025-10-22T06:05:49+00:00","twitter_card":"summary_large_image","twitter_misc":{"Gesch\u00e4tzte Lesezeit":"3\u00a0Minuten"},"schema":{"@context":"https:\/\/schema.org","@graph":[{"@type":"WebPage","@id":"https:\/\/www.mach-es-hoid-selber.de\/magazin\/impressum\/","url":"https:\/\/www.mach-es-hoid-selber.de\/magazin\/impressum\/","name":"Impressum - Mach es hoid selber Blog","isPartOf":{"@id":"https:\/\/www.mach-es-hoid-selber.de\/magazin\/#website"},"datePublished":"2022-06-30T14:02:53+00:00","dateModified":"2025-10-22T06:05:49+00:00","breadcrumb":{"@id":"https:\/\/www.mach-es-hoid-selber.de\/magazin\/impressum\/#breadcrumb"},"inLanguage":"de","potentialAction":[{"@type":"ReadAction","target":["https:\/\/www.mach-es-hoid-selber.de\/magazin\/impressum\/"]}]},{"@type":"BreadcrumbList","@id":"https:\/\/www.mach-es-hoid-selber.de\/magazin\/impressum\/#breadcrumb","itemListElement":[{"@type":"ListItem","position":1,"name":"Startseite","item":"https:\/\/www.mach-es-hoid-selber.de\/magazin\/"},{"@type":"ListItem","position":2,"name":"Impressum"}]},{"@type":"WebSite","@id":"https:\/\/www.mach-es-hoid-selber.de\/magazin\/#website","url":"https:\/\/www.mach-es-hoid-selber.de\/magazin\/","name":"Mach es hoid selber Blog","description":"","publisher":{"@id":"https:\/\/www.mach-es-hoid-selber.de\/magazin\/#organization"},"potentialAction":[{"@type":"SearchAction","target":{"@type":"EntryPoint","urlTemplate":"https:\/\/www.mach-es-hoid-selber.de\/magazin\/?s={search_term_string}"},"query-input":{"@type":"PropertyValueSpecification","valueRequired":true,"valueName":"search_term_string"}}],"inLanguage":"de"},{"@type":"Organization","@id":"https:\/\/www.mach-es-hoid-selber.de\/magazin\/#organization","name":"Mach es hoid selber","url":"https:\/\/www.mach-es-hoid-selber.de\/magazin\/","logo":{"@type":"ImageObject","inLanguage":"de","@id":"https:\/\/www.mach-es-hoid-selber.de\/magazin\/#\/schema\/logo\/image\/","url":"https:\/\/www.mach-es-hoid-selber.de\/magazin\/wp-content\/uploads\/2022\/06\/logoblog.svg","contentUrl":"https:\/\/www.mach-es-hoid-selber.de\/magazin\/wp-content\/uploads\/2022\/06\/logoblog.svg","width":1,"height":1,"caption":"Mach es hoid selber"},"image":{"@id":"https:\/\/www.mach-es-hoid-selber.de\/magazin\/#\/schema\/logo\/image\/"},"sameAs":["https:\/\/www.facebook.com\/profile.php?id=100070936186382"]}]}},"_links":{"self":[{"href":"https:\/\/www.mach-es-hoid-selber.de\/magazin\/wp-json\/wp\/v2\/pages\/11","targetHints":{"allow":["GET"]}}],"collection":[{"href":"https:\/\/www.mach-es-hoid-selber.de\/magazin\/wp-json\/wp\/v2\/pages"}],"about":[{"href":"https:\/\/www.mach-es-hoid-selber.de\/magazin\/wp-json\/wp\/v2\/types\/page"}],"author":[{"embeddable":true,"href":"https:\/\/www.mach-es-hoid-selber.de\/magazin\/wp-json\/wp\/v2\/users\/1"}],"replies":[{"embeddable":true,"href":"https:\/\/www.mach-es-hoid-selber.de\/magazin\/wp-json\/wp\/v2\/comments?post=11"}],"version-history":[{"count":3,"href":"https:\/\/www.mach-es-hoid-selber.de\/magazin\/wp-json\/wp\/v2\/pages\/11\/revisions"}],"predecessor-version":[{"id":1551,"href":"https:\/\/www.mach-es-hoid-selber.de\/magazin\/wp-json\/wp\/v2\/pages\/11\/revisions\/1551"}],"wp:attachment":[{"href":"https:\/\/www.mach-es-hoid-selber.de\/magazin\/wp-json\/wp\/v2\/media?parent=11"}],"curies":[{"name":"wp","href":"https:\/\/api.w.org\/{rel}","templated":true}]}}